rt 67 (base 9) to base 7.
115
-2 (base 3) to base 9
-2
Convert -53 (base 7) to base 16.
-26
Convert -3112 (base 4) to base 16.
-d6
1 (base 8) to base 7
1
Convert 1b5 (base 16) to base 15.
1e2
What is 10 (base 11) in base 13?
b
What is -124 (base 11) in base 8?
-223
11 (base 2) to base 10
3
-48 (base 14) to base 5
-224
What is -5 (base 7) in base 10?
-5
Convert 10 (base 14) to base 11.
13
Convert -8c (base 14) to base 10.
-124
What is -2 (base 4) in base 3?
-2
Convert 2 (base 8) to base 3.
2
5 (base 8) to base 9
5
Convert -100001 (base 2) to base 9.
-36
-5 (base 6) to base 11
-5
Convert 4 (base 5) to base 10.
4
Convert 276 (base 9) to base 13.
14a
What is -1010 (base 2) in base 7?
-13
Convert 1101 (base 3) to base 5.
122
Convert -3 (base 8) to base 6.
-3
10011 (base 2) to base 14
15
Convert -7 (base 9) to base 5.
-12
Convert -1023 (base 4) to base 7.
-135
111 (base 2) to base 12
7
What is 111000 (base 2) in base 10?
56
Convert -6 (base 12) to base 9.
-6
Convert 16 (base 8) to base 16.
e
What is 6 (base 12) in base 2?
110
What is 0 (base 8) in base 2?
0
Convert -a (base 14) to base 4.
-22
-2e (base 16) to base 5
-141
Convert 7a (base 12) to base 14.
6a
What is -1 (base 4) in base 9?
-1
What is -1 (base 10) in base 3?
-1
-1 (base 9) to base 12
-1
What is 5 (base 9) in base 13?
5
Convert 9 (base 14) to base 13.
9
-2 (base 16) to base 15
-2
1424 (base 5) to base 3
22212
What is 5 (base 9) in base 12?
5
Convert 4 (base 14) to base 11.
4
c (base 13) to base 6
20
-10 (base 6) to base 5
-11
What is 22 (base 12) in base 2?
11010
What is 1 (base 13) in base 14?
1
What is 127 (base 10) in base 9?
151
Convert 2222 (base 3) to base 6.
212
What is -25 (base 7) in base 2?
-10011
Convert 202 (base 3) to base 7.
26
2 (base 7) to base 13
2
10101 (base 2) to base 3
210
What is 0 (base 12) in base 5?
0
-12 (base 15) to base 6
-25
425 (base 8) to base 4
10111
What is 0 (base 5) in base 12?
0
What is -10 (base 3) in base 5?
-3
-1 (base 13) to base 4
-1
Convert -33 (base 10) to base 7.
-45
What is 1b1 (base 12) in base 11?
232
What is -22 (base 6) in base 8?
-16
-b4 (base 16) to base 9
-220
What is -223 (base 4) in base 6?
-111
Convert 29 (base 11) to base 8.
37
4 (base 12) to base 13
4
57 (base 13) to base 9
80
Convert -20022 (base 3) to base 7.
-332
What is 0 (base 16) in base 4?
0
Convert -4 (base 11) to base 12.
-4
What is 2 (base 9) in base 14?
2
-10 (base 5) to base 3
-12
Convert -121 (base 5) to base 3.
-1100
Convert -2 (base 8) to base 12.
-2
2003 (base 4) to base 12
ab
Convert 10 (base 5) to base 6.
5
Convert -125 (base 9) to base 16.
-68
What is -1 (base 8) in base 2?
-1
Convert -1 (base 12) to base 2.
-1
Convert 0 (base 8) to base 11.
0
204 (base 7) to base 9
123
11 (base 15) to base 10
16
What is -8 (base 9) in base 11?
-8
Convert 73 (base 15) to base 5.
413
What is 1 (base 13) in base 6?
1
40 (base 14) to base 3
2002
What is -20 (base 3) in base 2?
-110
What is 10 (base 3) in base 12?
3
-100 (base 2) to base 12
-4
Convert -10000 (base 3) to base 5.
-311
6 (base 14) to base 9
6
Convert -11 (base 11) to base 13.
-c
What is -111011 (base 2) in base 4?
-323
Convert -11 (base 2) to base 15.
-3
What is 115 (base 8) in base 2?
1001101
Convert 0 (base 13) to base 3.
0
81 (base 9) to base 5
243
Convert 0 (base 7) to base 8.
0
-c (base 16) to base 3
-110
Convert -11 (base 12) to base 10.
-13
Convert -234 (base 11) to base 2.
-100010111
Convert -2 (base 7) to base 14.
-2
What is -34 (base 7) in base 4?
-121
What is -14 (base 12) in base 5?
-31
What is -3 (base 4) in base 3?
-10
-111 (base 5) to base 12
-27
-1 (base 14) to base 11
-1
What is -10 (base 8) in base 10?
-8
Convert -10 (base 3) to base 15.
-3
-3122 (base 4) to base 5
-1333
Convert -2 (base 11) to base 3.
-2
Convert -43 (base 9) to base 12.
-33
Convert -14 (base 9) to base 15.
-d
What is 3 (base 14) in base 9?
3
What is -4 (base 10) in base 14?
-4
Convert 28 (base 9) to base 11.
24
Convert 1 (base 16) to base 4.
1
101 (base 2) to base 11
5
What is 1f (base 16) in base 3?
1011
What is 55 (base 6) in base 7?
50
What is 35 (base 14) in base 6?
115
Convert 1 (base 3) to base 16.
1
What is -544 (base 8) in base 6?
-1352
-4 (base 7) to base 11
-4
What is -51 (base 8) in base 15?
-2b
Convert -2 (base 8) to base 6.
-2
What is 342 (base 8) in base 11?
196
-6 (base 14) to base 2
-110
143 (base 6) to base 8
77
Convert 200 (base 5) to base 10.
50
7b (base 15) to base 10
116
What is 3 (base 4) in base 15?
3
Convert -3 (base 14) to base 2.
-11
-434 (base 5) to base 2
-1110111
Convert -1 (base 3) to base 10.
-1
Convert 165 (base 10) to base 8.
245
What is 127 (base 11) in base 7?
303
11100 (base 2) to base 7
40
What is 9 (base 15) in base 4?
21
What is 1c4 (base 13) in base 10?
329
What is -53 (base 10) in base 8?
-65
Convert 1 (base 5) to base 14.
1
-16 (base 14) to base 12
-18
Convert -6 (base 12) to base 7.
-6
Convert -18 (base 10) to base 16.
-12
What is 4b (base 15) in base 9?
78
0 (base 8) to base 13
0
What is 100 (base 4) in base 15?
11
-21221 (base 3) to base 14
-114
Convert -2 (base 16) to base 8.
-2
Convert 1413 (base 5) to base 4.
3221
What is 3 (base 14) in base 15?
3
What is d (base 15) in base 7?
16
What is 16 (base 14) in base 8?
24
Convert -11 (base 8) to base 15.
-9
What is 1 (base 2) in base 3?
1
Convert -8 (base 11) to base 12.
-8
3 (base 13) to base 14
3
Convert 2d (base 15) to base 3.
1121
What is -8 (base 10) in base 13?
-8
What is 11 (base 10) in base 2?
1011
What is 1040 (base 5) in base 4?
2101
What is -68 (base 16) in base 14?
-76
Convert 109 (base 11) to base 3.
11211
Convert -7f (base 16) to base 6.
-331
Convert 13 (base 7) to base 2.
1010
-7 (base 15) to base 8
-7
194 (base 10) to base 11
167
Convert 10 (base 13) to base 2.
1101
Convert 2d (base 14) to base 3.
1112
Convert -4 (base 15) to base 8.
-4
What is -2 (base 6) in base 15?
-2
What is 1 (base 9) in base 16?
1
-20 (base 3) to base 8
-6
10 (base 5) to base 7
5
What is -10 (base 4) in base 9?
-4
What is 21 (base 6) in base 5?
23
Convert 52 (base 9) to base 15.
32
What is 11 (base 7) in base 8?
10
Convert -20 (base 4) to base 10.
-8
54 (base 7) to base 16
27
8 (base 14) to base 11
8
What is -53 (base 15) in base 6?
-210
What is -5 (base 13) in base 6?
-5
Convert 0 (base 4) to base 9.
0
What is -525 (base 6) in base 5?
-1242
What is 22 (base 3) in base 5?
13
What is -34 (base 6) in base 12?
-1a
Convert -5 (base 9) to base 15.
-5
What is 1 (base 8) in base 2?
1
Convert 32 (base 11) to base 12.
2b
What is -50 (base 10) in base 6?
-122
1 (base 8) to base 6
1
Convert -54 (base 11) to base 7.
-113
What is -25 (base 8) in base 6?
-33
What is 5 (base 11) in base 10?
5
What is 130 (base 5) in base 6?
104
Convert 7 (base 13) to base 10.
7
5 (base 8) to base 10
5
Convert -3 (base 14) to base 2.
-11
320 (base 6) to base 5
440
3 (base 14) to base 4
3
What is 3 (base 13) in base 7?
3
What is 74 (base 11) in base 4?
1101
What is 12 (base 11) in base 7?
16
200 (base 9) to base 3
20000
14 (base 8) to base 3
110
-8 (base 16) to base 4
-20
What is 4 (base 5) in base 13?
4
Convert 311 (base 6) to base 12.
97
What is -2 (base 13) in base 8?
-2
-1 (base 15) to base 9
-1
3 (base 8) to base 10
3
-10020 (base 3) to base 11
-7a
What is -a (base 11) in base 10?
-10
33 (base 11) to base 5
121
What is 0 (base 16) in base 9?
0
Convert 0 (base 8) to base 13.
0
aa (base 12) to base 3
11211
Convert 10101 (base 2) to base 11.
1a
Convert 110 (base 6) to base 15.
2c
Convert -236 (base 7) to base 14.
-8d
Convert -8 (base 9) to base 5.
-13
-1d (base 15) to base 8
-34
What is 15 (base 7) in base 9?
13
What is -87 (base 11) in base 12?
-7b
-13 (base 12) to base 8
-17
Convert a (base 11) to base 12.
a
What is 1111001 (base 2) in base 11?
100
Convert 19 (base 12) to base 5.
41
3 (base 15) to base 13
3
-6 (base 13) to base 4
-12
10 (base 6) to base 7
6
1013 (base 4) to base 2
1000111
What is -101 (base 3) in base 12?
-a
What is 4 (base 7) in base 9?
4
What is 100 (base 2) in base 8?
4
What is 21 (base 9) in base 7?
25
Convert -7 (base 15) to base 14.
-7
110 (base 2) to base 12
6
Convert 37 (base 12) to base 11.
3a
Convert -16 (base 16) to base 14.
-18
0 (base 13) to base 5
0
Convert -13 (base 13) to base 5.
-31
-c3 (base 16) to base 3
-21020
What is 11 (base 6) in base 11?
7
